37 = u, -u + h = -33 - 12. What are the prime factors of u?
43
Suppose -3*d + 24 + 3 = 0. Let j = -8 + d. What are the prime factors of (-5)/(-10)*16*j?
2
Let p = 22 - 3. Suppose -49 = 4*h + p. Let b = h - -24. List the prime factors of b.
7
Suppose 4*a - 8*a + 5*c = -643, a + 4*c = 187. What are the prime factors of a?
167
Let h be (-2)/(-10) + (-19)/(-5). Suppose 6*t - 4 = h*t. Suppose 0 = -o + t. What are the prime factors of o?
2
Let v be 326/22 + (-2)/(-11). Let s be 20/v + 2/3. List the prime factors of 0 + (2 - s) + 6.
2, 3
Suppose 4*q - 90 = 46. List the prime factors of q.
2, 17
Suppose 4*q - 200 = 2*v, 3*v = -3*q + 6*v + 150. List the prime factors of q.
2, 5
Suppose -4*z + 1232 = -3*u, 5*z + u = -3*u + 1509. What are the prime factors of z?
5, 61
Let v(k) = 33*k - 50. What are the prime factors of v(10)?
2, 5, 7
Let b(s) = -s**3 - 9*s**2 + 9*s + 7. List the prime factors of b(-11).
2, 3, 5
Suppose -96 = z + 3*z. List the prime factors of (-1 + 6)/((-8)/z).
3, 5
List the prime factors of (-1)/(-4) + 5031/36.
2, 5, 7
Suppose -11*f - 3 = -10*f. Let p(r) = -r**2 - 4*r. List the prime factors of p(f).
3
Let k be (9 + -2)/(2/6). List the prime factors of 6/k - (-33)/7.
5
List the prime factors of (8/14)/4 + 17464/56.
2, 3, 13
What are the prime factors of -2 + (-72)/(-5) + 4/(-10)?
2, 3
Let y(z) = -9*z + 3. What are the prime factors of y(-2)?
3, 7
Let o(q) be the first derivative of -4*q**2 - 4. What are the prime factors of o(-2)?
2
Suppose -4*m - m + 5*u + 885 = 0, 5*u - 663 = -4*m. What are the prime factors of m?
2, 43
Suppose 14*x = 11*x + 318. What are the prime factors of x?
2, 53
Let k(m) = m**3 + 11*m**2 + 9*m - 1. Let i be k(-10). Let j = i + 1. List the prime factors of (-8)/20 - (-94)/j.
3
Let s be (0 + 0)/(-1 - -2). Suppose 0*n - 5*n + 15 = s. Suppose 0 = n*k - 0*k - 9. What are the prime factors of k?
3
Suppose 4 = -f - f. List the prime factors of (4 - 0/f)/2.
2
Let x = 9 + -5. Suppose x*p + r = -80 - 10, -5*p - 108 = -r. Let w = -9 - p. List the prime factors of w.
13
Suppose 2*d + 16 = 6*d. Suppose 0 = d*g - 7*g + 93. What are the prime factors of g?
31
Let t(r) = r**3 + 8*r**2 + 3*r - 4. What are the prime factors of t(-4)?
2, 3
Suppose 40 = 2*k - 0. What are the prime factors of k?
2, 5
Let z = 671 + -373. List the prime factors of z.
2, 149
Let i(q) = -2*q**3 - 5*q**2 - q - 10. What are the prime factors of i(-6)?
2, 31
Let i(y) = -3*y - 5. Let b(x) = -15*x - 24. Let r(n) = -5*b(n) + 24*i(n). What are the prime factors of r(3)?
3
What are the prime factors of (10/(-15))/((-2)/117)?
3, 13
Let b = 12 + -19. Let t be 2 + 0/3 + b. What are the prime factors of (-96)/(-15) + 2/t?
2, 3
Suppose 6*p - 5*p - 4 = 0. Suppose 5*t + 17 = p*r, -r + 3*t + 2 = -4. Suppose 6*a - 4*a + 4*w - 20 = 0, 0 = -3*a + r*w + 21. What are the prime factors of a?
2
Let g(f) = 6*f**2 - 3*f + 2. What are the prime factors of g(2)?
2, 5
Let f = 1 + -1. Suppose 0 = 4*x - f*x + 5*b - 62, 4*b + 26 = x. List the prime factors of x.
2, 3
Let p = 0 + -1. Let k = 2 + p. Let r = 5 + k. List the prime factors of r.
2, 3
Let k be (0 + 1)/(1/4). Suppose 3*g - 2*q - 4 = 0, k*g + 0*g + 5*q = 13. Suppose 0*n - 2*a = g*n - 36, -4*a = 5*n - 95. List the prime factors of n.
23
List the prime factors of (-8)/24 - 70/(-3).
23
Suppose -29 = 4*h + 5*l - 7, -4*l = -4*h - 4. Let x be 4/(-10) + 124/10. Let j = h + x. What are the prime factors of j?
3
Let u(d) = -2*d**3 + 2*d**2 + 3*d + 2. Let t be u(-2). Suppose 0 = 4*x + t, 5*k = 2*x - 6*x - 30. List the prime factors of k/5 - (-107)/5.
3, 7
Suppose 12 = -f - 4. What are the prime factors of f/(-5)*(7 + -2)?
2
Let v(w) = -2*w + 0 + 3 - 5 + 1. Let b be v(-3). Suppose b*d - 2 = 53. List the prime factors of d.
11
Suppose -2*y + 3 = -9. Let o(z) = -z + 1. Let s(w) = -3*w + 5. Let h(c) = 6*o(c) - 3*s(c). List the prime factors of h(y).
3
Let j be (9/6)/(6/8). Suppose j*r - 43 = 3. What are the prime factors of r?
23
Let c = -40 + 25. Let v = -8 - c. List the prime factors of v.
7
Let i(j) = 3*j - 3. Let x(n) = n**2 - 7*n + 4. Let l be x(3). Let t be (-18)/l + 2/(-8). List the prime factors of i(t).
3
Let w be (4/(-12))/((-2)/(-18)). Let z be -1 + 1/(-1) + w. List the prime factors of 1*(0/(-3) - z).
5
Suppose -381 = -7*r + 172. What are the prime factors of r?
79
Let t(p) = 7*p - 8. List the prime factors of t(9).
5, 11
Let w(i) = i**3 - 3*i**2 - 4*i - 2. Let l be w(4). Let r be -2*((-10)/(-4) + 0). Let z = l - r. List the prime factors of z.
3
Suppose 5*s + 5*x + 196 - 16 = 0, -39 = s - 2*x. Let r = 9 - s. Let k = -32 + r. List the prime factors of k.
2, 7
What are the prime factors of (-22)/(-121) + 4218/33?
2
Let t(x) be the third derivative of x**6/120 - 11*x**5/60 - x**4/2 - 4*x**3/3 - x**2. Let q be t(12). What are the prime factors of ((-42)/(-8))/(-3)*q?
2, 7
Let f = -2 + 5. Let u(s) = -1 - 2 + 2 + 3*s. What are the prime factors of u(f)?
2
Let f(n) = -5*n - 18. Let z(u) = -u - 8*u - 2*u - 37. Let s(i) = -13*f(i) + 6*z(i). List the prime factors of s(7).
5
Let a be ((-6)/(-4))/((-15)/20). Let t = a + 5. Suppose 5*p + c = -0*c + 51, t = 3*c. What are the prime factors of p?
2, 5
Suppose -4*n - 46 = -6*n. List the prime factors of n.
23
Suppose -i = 4*n - 2*i - 758, -3*n - 5*i + 557 = 0. Suppose 0 = -4*a - v + 111, n = 5*a - v + 48. Suppose -a = c - 5*c. List the prime factors of c.
7
Suppose -2*n = -8 - 78. What are the prime factors of n?
43
Let q = -5 + 9. List the prime factors of -1 + q + (-2)/(-2).
2
Let o(j) be the first derivative of 6*j**4 - j**3/3 - j**2/2 + 4. Let u be o(-1). Let y = u + 43. List the prime factors of y.
19
Suppose 2*y + 0*y = 120. Suppose 2*g = 5*g - y. What are the prime factors of g?
2, 5
Suppose -q + 3*f + 6 = 4*f, 0 = 5*f - 20. Suppose -2*k + 3*x + 1 = -0, 3*k + q*x = 21. List the prime factors of k.
5
Let m = 104 - 48. List the prime factors of m.
2, 7
Let j(w) = -w + 2 - 6 + 2 + 0*w**2 + 4*w**2. List the prime factors of j(2).
2, 3
Suppose -152 = -5*l + 33. List the prime factors of l.
37
List the prime factors of 3/(15/265 + 0).
53
Let k(f) = -11*f - 37. List the prime factors of k(-16).
139
Let i(n) = -4*n - 4 + 4*n - 4*n. List the prime factors of i(-4).
2, 3
Let k(a) = -a**3 - 2*a**2 + 3*a - 2. Let p be k(2). List the prime factors of (2 + p/16)*4.
5
Let b be -4*(51/(-12) - 0). Let h = b - 12. List the prime factors of h.
5
Let w(c) be the third derivative of 0*c + c**2 - 3/2*c**3 + 1/8*c**4 + 0. List the prime factors of w(6).
3
Suppose -2*o + 3*a = -111, 0 = 2*a + 3*a - 5. What are the prime factors of o?
3, 19
Suppose 204 = 29*k - 25*k. List the prime factors of k.
3, 17
Let p(m) = -m + 8. Let c be p(11). List the prime factors of (200/(-6))/(2/c).
2, 5
Let s(q) = -q**3 + 11*q**2 + 8*q + 12. List the prime factors of s(11).
2, 5
Suppose 0 = 4*r + 2*u - 51 - 1061, -r + 4*u + 278 = 0. What are the prime factors of r?
2, 139
List the prime factors of 70/(-3)*(-198)/55.
2, 3, 7
Let j(i) = i**3 + 5*i**2 - 6*i + 7. Let k be j(-6). Let a = k + 1. List the prime factors of a.
2
Let v = -17 - -71. What are the prime factors of v?
2, 3
Let k = -8 + 6. Let s be (-122 + -1)*k/6. Let d = s - 29. What are the prime factors of d?
2, 3
Let y(l) = l**2 - 7*l - 12. List the prime factors of y(9).
2, 3
Let i be (-7 - 2/(-1)) + -2. Let x = i + 9. Suppose 2*j + 5*m = 38, j + 76 = 5*j + x*m. What are the prime factors of j?
19
Let u(i) = i**2 - 9*i + 11. Suppose 3*b = 4*b - 4. Let c(x) = -3*x**2 + 27*x - 32. Let y(s) = b*c(s) + 11*u(s). What are the prime factors of y(6)?
11
Let s(n) = n**2 + 5*n + 2. What are the prime factors of s(-6)?
2
Suppose 4*q + 3*p - 136 = -q, -4*q - 3*p = -107. List the prime factors of q.
29
Suppose 0 = -3*j + 4*h + 4, -2 = 5*j + 3*h + 1. Suppose j = 5*q - 10. List the prime factors of (q - 0) + (-4)/(-2).
2
Suppose -3*n + 13 = -4*d, 3*d = -2 - 1. Let v(k) = 7*k - 3. List the prime factors of v(n).
2, 3
Let z = -54 - -82. List the prime factors of z.
2, 7
What are the prime factors of ((-236)/10)/((-30)/150)?
2, 59
Let a(p) = -24*p + 6 - 6. What are the prime factors of a(-1)?
2, 3
What are the prime factors of 11/(55/(-14))*-25?
2, 5, 7
Let o be (-3)/((-4)/(20/3)). Suppose v - 20 = 2*y, 0*v - 37 = o*y + 4*v. Let f(g) = g**2 + 8*g - 1. What are the prime factors of f(